What is the units digit of 96244381?
1
What is the millions digit of 593084141?
3
What is the thousands digit of 1529975609?
5
What is the tens digit of 282970220?
2
What is the thousands digit of 522935511?
5
What is the thousands digit of 53677967?
7
What is the millions digit of 51262396?
1
What is the units digit of 38775234?
4
What is the tens digit of 1253543367?
6
What is the units digit of 137357074?
4
What is the millions digit of 1564739431?
4
What is the hundreds digit of 189142734?
7
What is the ten millions digit of 143578317?
4
What is the ten millions digit of 196701590?
9
What is the units digit of 5947431?
1
What is the hundred thousands digit of 363060218?
0
What is the ten thousands digit of 56771396?
7
What is the ten millions digit of 1421549927?
2
What is the tens digit of 7601679995?
9
What is the tens digit of 230359032?
3
What is the ten thousands digit of 805896879?
9
What is the ten millions digit of 818417651?
1
What is the millions digit of 28218539?
8
What is the hundred millions digit of 456181777?
4
What is the hundred thousands digit of 289977594?
9
What is the ten thousands digit of 2062366877?
6
What is the ten millions digit of 14113497?
1
What is the units digit of 249753661?
1
What is the ten thousands digit of 464064397?
6
What is the hundreds digit of 258496292?
2
What is the thousands digit of 9888133?
8
What is the ten millions digit of 99599723?
9
What is the tens digit of 8794145?
4
What is the ten thousands digit of 53844437?
4
What is the tens digit of 140123854?
5
What is the hundred millions digit of 131098077?
1
What is the hundred millions digit of 435617933?
4
What is the tens digit of 6027402112?
1
What is the hundred thousands digit of 418885885?
8
What is the ten millions digit of 157678627?
5
What is the hundred thousands digit of 602933564?
9
What is the units digit of 891964262?
2
What is the ten thousands digit of 9463148?
6
What is the hundred millions digit of 2901940547?
9
What is the hundred thousands digit of 12893601?
8
What is the millions digit of 174650926?
4
What is the hundred thousands digit of 1716288993?
2
What is the thousands digit of 1237294882?
4
What is the hundred thousands digit of 2655518017?
5
What is the hundreds digit of 1042984166?
1
What is the hundreds digit of 59424121?
1
What is the hundred millions digit of 870525028?
8
What is the ten thousands digit of 114190680?
9
What is the ten thousands digit of 2573426?
7
What is the thousands digit of 9309463?
9
What is the ten millions digit of 12772639?
1
What is the hundreds digit of 947576987?
9
What is the thousands digit of 1974197707?
7
What is the ten thousands digit of 21547193?
4
What is the hundred millions digit of 120797116?
1
What is the tens digit of 31001853?
5
What is the units digit of 274005739?
9
What is the units digit of 23722507?
7
What is the ten millions digit of 55470826?
5
What is the units digit of 466576637?
7
What is the hundreds digit of 384044848?
8
What is the ten thousands digit of 2596432?
9
What is the billions digit of 2997683445?
2
What is the billions digit of 1871742049?
1
What is the tens digit of 233385163?
6
What is the ten thousands digit of 1484216523?
1
What is the ten thousands digit of 328903231?
0
What is the units digit of 9417220543?
3
What is the hundreds digit of 425247570?
5
What is the hundred thousands digit of 45472823?
4
What is the millions digit of 140265488?
0
What is the ten thousands digit of 3011460935?
6
What is the units digit of 3530391?
1
What is the hundreds digit of 10997899?
8
What is the hundred millions digit of 278805297?
2
What is the thousands digit of 7709678?
9
What is the ten millions digit of 597475205?
9
What is the tens digit of 2545711170?
7
What is the thousands digit of 975281151?
1
What is the millions digit of 266499466?
6
What is the billions digit of 1229058222?
1
What is the ten millions digit of 21238713?
2
What is the units digit of 88711374?
4
What is the hundred thousands digit of 42714235?
7
What is the hundred thousands digit of 55529740?
5
What is the ten millions digit of 4205696397?
0
What is the units digit of 137766167?
7
What is the ten thousands digit of 922077306?
7
What is the tens digit of 35760761?
6
What is the ten millions digit of 87874760?
8
What is the millions digit of 31285554?
1
What is the thousands digit of 176631321?
1
What is the units digit of 151644775?
5
What is the hundred thousands digit of 432266914?
2
What is the hundreds digit of 3562125824?
8
What is the hundred thousands digit of 28312943?
3
What is the hundreds digit of 7690901?
9
What is the ten millions digit of 27682348?
2
What is the hundred millions digit of 222404734?
2
What is the ten thousands digit of 1073195640?
9
What is the units digit of 43662083?
3
What is the units digit of 67627211?
1
What is the units digit of 13430096?
6
What is the millions digit of 12399955?
2
What is the ten millions digit of 90023908?
9
What is the units digit of 55223359?
9
What is the millions digit of 65578174?
5
What is the hundred thousands digit of 406956120?
9
What is the millions digit of 5590870185?
0
What is the ten thousands digit of 46909314?
0
What is the units digit of 89819970?
0
What is the hundreds digit of 171122764?
7
What is the ten millions digit of 708858517?
0
What is the millions digit of 41428336?
1
What is the ten millions digit of 197072818?
9
What is the hundred millions digit of 483925948?
4
What is the ten thousands digit of 58687168?
8
What is the millions digit of 770452571?
0
What is the hundred thousands digit of 121642785?
6
What is the billions digit of 1455698010?
1
What is the hundreds digit of 7369752?
7
What is the units digit of 187056476?
6
What is the tens digit of 72324596?
9
What is the thousands digit of 61788103?
8
What is the billions digit of 3094908212?
3
What is the millions digit of 55709457?
5
What is the hundreds digit of 114388072?
0
What is the ten thousands digit of 6311370126?
7
What is the units digit of 65319608?
8
What is the thousands digit of 19396858?
6
What is the thousands digit of 47019569?
9
What is the millions digit of 2946766495?
6
What is the millions digit of 107883704?
7
What is the units digit of 658258306?
6
What is the millions digit of 1443352593?
3
What is the tens digit of 2955418322?
2
What is the units digit of 13909050?
0
What is the tens digit of 87104877?
7
What is the ten millions digit of 1854613599?
5
What is the ten millions digit of 654021521?
5
What is the ten millions digit of 90973651?
9
What is the ten thousands digit of 284354465?
5
What is the thousands digit of 64961484?
1
What is the hundred millions digit of 2372652113?
3
What is the hundreds digit of 906051999?
9
What is the hundred thousands digit of 289365854?
3
What is the hundred millions digit of 5473126232?
4
What is the ten millions digit of 34812695?
3
What is the tens digit of 1876351709?
0
What is the tens digit of 157518507?
0
What is the hundred millions digit of 148794640?
1
What is the ten millions digit of 1925196486?
2
What is the thousands digit of 2867007547?
7
What is the millions digit of 3458485912?
8
What is the millions digit of 145622294?
5
What is the ten millions digit of 2421011744?
2
What is the units digit of 4828324?
4
What is the units digit of 118919204?
4
What is the ten thousands digit of 4244816060?
1
What is the tens digit of 1376678810?
1
What is the units digit of 2221362470?
0
What is the hundred millions digit of 2790314673?
7
What is the thousands digit of 2384585679?
5
What is the units digit of 1424577797?
7
What is the units digit of 292183848?
8
What is the ten thousands digit of 54472038?
7
What is the ten thousands digit of 372826484?
2
What is the hundred thousands digit of 486444484?
4
What is the hundred millions digit of 207303330?
2
What is the tens digit of 484351211?
1
What is the thousands digit of 30203173?
3
What is the hundred thousands digit of 53240233?
2
What is the thousands digit of 484437349?
7
What is the hundred millions digit of 226341996?
2
What is the billions digit of 3686851675?
3
What is the units digit of 5958141?
1
What is the thousands digit of 31915784?
5
What is the thousands digit of 5217904?
7
What is the units digit o